1 = -i*j + 141. Calculate the remainder when 112 is divided by j.
36
Let p = 5 - 0. Let k(y) = -y**3 + y**2 + 14*y + 13. Calculate the remainder when p is divided by k(-1).
0
Let y = 119 - 53. Suppose 128*m + 1116 = 2908. What is the remainder when y is divided by m?
10
Let s be 3 + (-20)/2 + (0 - -2). Let g = 34 - s. Calculate the remainder when g is divided by 178/9 + (-10)/(-45).
19
Let n(k) = -3*k + 3 - 23 - 3*k. Let v(g) = -g**3 - 6*g**2 - 7*g - 4. Calculate the remainder when n(-6) is divided by v(-5).
4
Let g(m) = m**3 - 3*m**2 - 6*m + 1. Let p be g(4). Let i(r) = 3*r**2 + 15*r + 1. Calculate the remainder when 170 is divided by i(p).
41
Let h = -14 - -2. Let j be 4/(-6) - h/18. Suppose -5*l + j*l = -50. Calculate the remainder when 39 is divided by l.
9
Let b(w) = 2*w**3 - 8*w**2 + 13*w - 14. Let z be b(3). Let c(j) = 11*j**2 - 3 - 3*j**2 - j**3 - 4*j + 12. What is the remainder when 117 is divided by c(z)?
27
Suppose 2*g + 2*a = 42 - 8, 4*a = 8. What is the remainder when (-32)/6*(-264)/16 is divided by g?
13
Let v(a) = -a + 10. Let o be v(8). Let j be o + (0 + 0)/(-3). Suppose -2*t + 2*y + 10 = 0, -t + 4*y + 10 = j. Calculate the remainder when 5 is divided by t.
1
Suppose -2*p - 830 = -6*s + s, -p = -5*s + 830. What is the remainder when 105 is divided by (-12)/18 - s/(-6)?
24
Suppose 5*l = 4*l + 3. Suppose -l*r = -34 + 7. What is the remainder when 20 + -7 + 3 + 9 - -1 is divided by r?
8
What is the remainder when 502*((-5)/(-2) - (1 + 1)) is divided by 28?
27
Let w(h) = 3*h**2 - 14*h - 44. Calculate the remainder when w(-14) is divided by 57.
56
Suppose -v = z - 31, -4*v + 81 = 3*z - 5*v. What is the remainder when z is divided by 10?
8
Suppose 3*v = -22 + 64. What is the remainder when 94 is divided by v?
10
Suppose 5*p - 190 = -5*x, -p - 3*x + 181 = 149. What is the remainder when p is divided by 40?
1
Let t(s) = s**2 + 17. Suppose -2716 = -38*q - 284. Calculate the remainder when q is divided by t(0).
13
Suppose 0 = r - 3*y - 116, 22 = -2*r + 2*y + 266. What is the remainder when r is divided by 28?
13
Let l(z) = z**2 - 9*z - 19. Let j be l(11). Suppose j*v - 32 = 2*v. What is the remainder when v is divided by 7?
4
What is the remainder when 7*(6 + -7) - -89 is divided by 43?
39
Let k = -18 + 88. Calculate the remainder when k is divided by 15.
10
Suppose -5*g + 4*y = 3*y - 113, 0 = -2*g + 4*y + 38. What is the remainder when (-365)/(-4) - 150/120 is divided by g?
21
Suppose x - 4 = 11. Suppose -4*b - 3 = m, 0 + x = 5*m + 5*b. Calculate the remainder when 67 is divided by 3*m + (-2)/(-1).
16
Suppose 2*j - 4*z - 52 = 0, 523*j - 17 = 521*j - 3*z. Calculate the remainder when 370 is divided by j.
2
Let o(c) be the third derivative of c**4/24 + c**3/6 - c**2. Calculate the remainder when o(3) is divided by ((-6)/(-5))/(3/(60/8)).
1
Let w(x) = 18*x - 4. Let c(j) = -2*j - 10. Let p be c(-6). What is the remainder when 93 is divided by w(p)?
29
Let t(n) = -4*n + 7. Suppose -2*a = -4*s - 6, -5*a + 13 = 2*s - 2. Let v be t(a). Calculate the remainder when 32 is divided by 68*(-1 + v/(-4)).
15
What is the remainder when 49 is divided by (60/(-84))/(3/(-21))?
4
Suppose 4*j - 4*a = -36, 39 = -4*j - a + 2*a. Let v = -4 - j. Calculate the remainder when 23 is divided by v.
5
What is the remainder when 3*135 - (-27 - -33) is divided by 5?
4
Let s = -135 - -227. Let u = 23 - 23. Suppose u*f + s = 4*f. What is the remainder when f is divided by 5?
3
Let d(k) = -k**2 - 2*k - 39. Let t be d(0). What is the remainder when -95*((-9)/(-5))/(t/26) is divided by 5?
4
Suppose -7*q = -12*q + 165. Let i = q - 15. What is the remainder when 32 is divided by i?
14
Suppose 55*c - 68*c = -1521. What is the remainder when 1637 is divided by c?
116
Suppose 4 = -6*f + 4*f. Let r = 5 + 18. What is the remainder when r is divided by 10/(-15)*39/f?
10
Let h = -11 - 52. What is the remainder when 109 is divided by ((-21)/h)/(((-2)/(-33))/2)?
10
Let o = 18 + -27. Let j be (-2 - (-69)/o)*-3. Let n = 69 - j. What is the remainder when n is divided by 21?
19
Let n(w) = 31*w**2 - 2*w - 2. Let g be n(-1). Let q = -53 + g. Let m = -7 - q. Calculate the remainder when m is divided by 5.
0
Suppose 28 = 4*m - 5*i, -4*i + 8*i + 22 = 3*m. What is the remainder when 42 is divided by (-216)/(-20) + m/10*1?
9
What is the remainder when 77 is divided by 2*((-4)/8)/(6/(-300))?
27
Suppose 4*n - 27 = 2*y + 47, -5*y + 24 = n. Suppose -5*f + 3*r + 271 = 0, 0 = -3*f - 4*r + 205 - 25. Calculate the remainder when f is divided by n.
18
Let n(m) = -m**2 + 20*m - 39. Let g be n(23). Calculate the remainder when 10 is divided by (-54)/g*(1 - 0 - -9).
0
Suppose 66 = 3*r - r. Calculate the remainder when 122 is divided by r.
23
Suppose -4*h = -h - 300. Suppose -d + h = d. What is the remainder when d is divided by 13?
11
Let q(n) = 3*n**2 + 66*n + 186. Calculate the remainder when q(-25) is divided by 39.
21
Let k(s) = 4*s**2 - 4. Calculate the remainder when k(-3) is divided by ((-3)/9)/((-5)/165).
10
Let d be 18/(-3) + 3 - (-5 + 2). Suppose d*n + 4*n = 44. Calculate the remainder when 14 is divided by n.
3
Suppose -4*o - 2*g + 317 = -1, -o + 3*g + 97 = 0. Let b = 117 - o. Suppose -s + 32 = 4*k, -k + 2*s = 2*k - 35. Calculate the remainder when b is divided by k.
8
Let n(c) = c + 130. What is the remainder when n(-13) is divided by 23?
2
Let v = 18 + -7. What is the remainder when ((-2)/6)/(v/(-1518)) is divided by 8?
6
Let x = -32 - -49. Suppose 846 - 206 = 16*a. What is the remainder when a is divided by x?
6
Let c(r) = r**3 + r**2 - 3*r - 1. Let j be c(2). Let y = j + 2. Calculate the remainder when 10 is divided by y.
3
Suppose -3*s - 2*s = -1850. Suppose -2*b + o + 4*o = -254, 3*b - 2*o = s. Let n = b + -77. What is the remainder when n is divided by 23?
22
Let q = -27 + 40. Let j be (7 + 7)*36/14. Let h = j - 32. What is the remainder when q is divided by h?
1
Let g = -39 + 59. Calculate the remainder when 79 is divided by g.
19
Let o(i) = 13*i**2 + 165*i - 5. Calculate the remainder when o(-13) is divided by 12.
11
Let r(d) = -d + 5. Let l be 14/(-35) + (-4)/(-10). Calculate the remainder when 34 is divided by r(l).
4
Let g = 31 + -26. Suppose g*o - 14 = -2*x, 3*o - 58 = -4*x - 2. Calculate the remainder when x is divided by 6.
5
Let w = 183 + -108. Calculate the remainder when w is divided by 12.
3
What is the remainder when 490 is divided by (-3 + 9 + 11)/(2 - 1)?
14
Let p be (24/15 - 0)/((-2)/55). Calculate the remainder when 35 is divided by ((-256)/p)/1 + 4/22.
5
Suppose -4 - 6 = -v. Let h(f) = -20*f - 3. Calculate the remainder when h(-3) is divided by v.
7
Suppose v = 5*v - 492. Calculate the remainder when (-1)/((3/v)/(-1)) is divided by 9.
5
Suppose 0 = 16*k + 138 - 474. Calculate the remainder when k is divided by 13.
8
Suppose 5*k + 7 - 32 = 0. What is the remainder when k is divided by (-3 + -1)/(-13 - 176/(-16))?
1
Let q = 928 + -912. What is the remainder when 94 is divided by q?
14
Let g = -771 - -864. What is the remainder when g is divided by 9?
3
Let c(u) = -u**3 + 8*u**2 - 6*u - 5. Let b be c(7). Let n(h) = -h**3 - 5*h**2 + 6*h + 1. Calculate the remainder when n(-7) is divided by -1*b/(4/(-30)).
12
Suppose 1 - 8 = g - 4*n, 2*g - 21 = n. Let j(v) be the third derivative of v**4/12 - 2*v**3 + 3*v**2. Calculate the remainder when g is divided by j(8).
1
Suppose 5 = 3*m - 4. Suppose -v + 4*j = 1, m*v - 4*j - 24 = -j. Calculate the remainder when v is divided by (-1 - -3)/((-4)/(-6)).
2
Let d(f) = -f**3 - 2*f**2 + f - 4. Let a be d(-3). Suppose a*b + 134 = 4*b. Suppose -126 = -7*k + 119. Calculate the remainder when b is divided by k.
32
Suppose 38*q + 27 = 47*q. Calculate the remainder when 11 is divided by q.
2
Let j(p) be the first derivative of 3*p**2/2 + 47*p + 7. Calculate the remainder when 74 is divided by j(-12).
8
Suppose 2*s - 3*s = -20. Suppose -20*q + 986 = -3*q. What is the remainder when q is divided by s?
18
Let m(v) = 105 + 57 - 76 + v - v**2 + 60. What is the remainder when m(0) is divided by 37?
35
Let a be 8/(-4) - (-2 + -2). Suppose -a = 3*j + 4, 4*n = 4*j + 100. What is the remainder when 66 is divided by n?
20
Suppose 1386 = -291*y + 357*y. What is the remainder when 48 is divided by y?
6
Let x(s) = s**2 + 2*s - 6. Suppose 15*d + 30 - 135 = 0